 - g + 0. Is w(0) composite?
False
Let h(w) = -117*w - 28. Let l be h(-6). Let p = l - 421. Is p prime?
False
Suppose 0 = -6*j + 1826 + 520. Suppose j = 3*f - 2*z, 434 = 4*f + 4*z - 54. Is f composite?
False
Let v(y) = 53*y**2 + 158*y + 70. Is v(-19) a composite number?
True
Suppose -7*u + 202103 = 12*u. Is u a prime number?
False
Let b(w) be the second derivative of -43/3*w**3 + 0 - w + 1/2*w**2. Is b(-5) composite?
False
Let g(p) = 44*p - 144. Let m(j) = 22*j - 72. Let u(w) = 6*g(w) - 11*m(w). Is u(29) prime?
False
Let g = -37 + 39. Suppose -g*c + 1189 = -2365. Is c prime?
True
Let y(c) = 1871*c**2 + 20*c + 49. Is y(-2) a composite number?
True
Suppose 0 = 56*z - 59*z + 13071. Is z prime?
True
Let t(r) = -r**2 + 5*r + 2. Let s be t(3). Let o be 500 + -2 + -3 + s. Let p = o + -240. Is p a prime number?
True
Let k be -1 - (2 - -10)/(-4). Suppose 0 = k*w - w - 8. Suppose -w*f - 14 = -10*f. Is f a composite number?
False
Let f(b) be the first derivative of 52*b**3/3 + b**2/2 - 9. Suppose -3*u - 5*v = 13, 4*v - 3*v + 5 = -3*u. Is f(u) prime?
False
Let q(w) = -5*w**3 - w**2 + w - 2. Is q(-3) a composite number?
True
Let u = 11 - 37. Let r = 139 + u. Let n = r + -36. Is n a prime number?
False
Let x(q) = -879*q - 58. Is x(-3) prime?
True
Suppose 16 = 4*k + 2*r + 3*r, r - 3 = -k. Is (k/(12/(-10221)))/((-1)/(-4)) a composite number?
False
Suppose -4*y + 4*w + 7 = -5, 17 = 5*y - 4*w. Suppose -106 = -y*s + 179. Suppose 2*d - s = -d. Is d composite?
False
Suppose 13685 = 6*t + 3167. Is t composite?
False
Suppose -3 = -3*j + 3. Let b(x) = -x + 6. Let d be b(j). Suppose -723 = -d*v + 457. Is v a composite number?
True
Let m be (-1)/(-1)*44/4. Let v = m + -7. Let d(s) = 24*s**2 - s + 1. Is d(v) a composite number?
True
Let b = 6 + 0. Let k(c) = b - 6*c**2 + 25 + 7*c**2. Is k(0) composite?
False
Let w(x) = 2*x**2 - x - 10. Let b be w(0). Let v = b + -8. Is ((-1146)/v)/((-2)/(-12)) composite?
True
Let o(z) = 93*z**2 - 13*z + 93. Is o(7) a prime number?
False
Let a be ((-176)/2)/(7/(-119)). Suppose 3*r - 2*d = a, -4*r + 0*d - d + 2013 = 0. Suppose -12*c + r = -10*c. Is c a prime number?
True
Let p = 529 - 377. Let k be 2/4 - 238/(-4). Suppose -4*w + p = -k. Is w prime?
True
Let x = -78 + 211. Suppose -4*m = -3*m - x. Suppose 4*o = -3*q - o + 206, 2*q - o = m. Is q a prime number?
True
Let w(j) = -3*j**3 + j**2 + j - 4. Let g(a) = -a**2 - 3*a + 7. Suppose s = -5*i - 20, -4*i + 6 = -2*s + 36. Let o be g(i). Is w(o) a composite number?
False
Let j = -39 + 62. Suppose d + j = 186. Let s = d - 68. Is s prime?
False
Suppose -2*x + 0*x + 86 = 0. Let d = x + -138. Let b = -52 - d. Is b a composite number?
False
Let o(g) = -85*g - 48. Let f(c) = 2*c - 9. Let s be f(-3). Is o(s) a composite number?
True
Let u(y) = 659*y**2 + 4*y - 107. Is u(8) a prime number?
True
Suppose -5*m + 17998 + 22725 = -2*j, -32584 = -4*m + 3*j. Is m composite?
True
Suppose -104158 = -10*k + 20832. Is k prime?
False
Suppose 28*g - 13*g = 627645. Is g a composite number?
False
Let a = -1 - -1. Suppose -13 = -11*i - 35. Is -5 + 2432 - (i + a) a prime number?
False
Let g = -1 - -2. Let a(h) = -59*h**2 + 145*h**2 + 1 + 2*h - 2*h - 2*h. Is a(g) composite?
True
Suppose -2*y + 4 = -3*y, -5*x + 4*y + 26 = 0. Suppose 3*r = x + 4. Suppose -223 = -3*c + r*c. Is c composite?
False
Suppose 0 = -5*z - 12*z + 3*z. Suppose 0 = v - z - 3, -4*v = 2*h - 200. Is h a composite number?
True
Is (1 + -6954 - -6)*-1 composite?
False
Let y(f) = 15 - 4 - 119*f - 36*f. Is y(-4) a prime number?
True
Let x(y) = 81 - 2*y**2 - 61 + 8*y - 4*y**2 + 3*y**3. Is x(9) a composite number?
True
Suppose -p = 3*f + 24 - 1, f - 67 = 5*p. Let i = 7 + p. Let k(t) = -11*t + 14. Is k(i) prime?
False
Suppose -2*t = -4*s + 50, 5*s + 4*t - 47 = -4. Let r(o) = -3 - 6*o + 11*o - 2 + 9*o. Is r(s) prime?
True
Let g(o) = 86*o**2 - 6*o - 1. Is g(-4) prime?
True
Let j(v) = 2*v**2 + 8*v - 16. Let p be j(-11). Let t(m) = 12*m + 4. Let b be t(-7). Let x = p + b. Is x prime?
False
Suppose -15 = 2*k - 5*m + 4, -k - 2 = -m. Let v = k - -2. Suppose n - 4*a - 78 = 0, 4*a + 292 + 18 = v*n. Is n composite?
True
Let w = 12 + -10. Suppose 0 = -w*j - 2*j + 1228. Is j a prime number?
True
Suppose -17*y + 207658 + 7477 = 0. Is y a prime number?
False
Let g = 4363 - 2301. Is g composite?
True
Let v(k) = 8*k**2 - k - 2. Let y be v(-2). Let g(c) = 4 - y*c**3 - 5*c**2 + 3*c + 33*c**3 + 0*c. Is g(5) prime?
True
Let x(i) = -985*i + 553. Is x(-28) a composite number?
True
Suppose -q = -2, -20*i + 3*q - 5378 = -24*i. Is i prime?
False
Let r(y) = y**2 - 17*y - 7. Let n be r(16). Let u = -115 + 361. Let c = n + u. Is c a prime number?
True
Suppose 3*z + 0*z - 6 = 0. Suppose -1280 = -z*t - p, -649 = -3*t + 2*t + 4*p. Is t prime?
True
Suppose -87 - 341 = -2*o. Suppose 3*j = -j + 5*s + 859, s + o = j. Is j a composite number?
False
Let v(z) be the second derivative of -z**3/6 + 13*z**2/2 + z. Let l be v(8). Let b(u) = -u**3 + 7*u**2 - 5*u - 2. Is b(l) a composite number?
False
Suppose -11757 = 7*j - 50054. Is j composite?
False
Let o be ((1 - 1) + -2547)*-4. Suppose o = 9*n - 8703. Is n prime?
True
Let o(d) be the first derivative of 161*d**4/2 + d**3/3 + 10. Is o(1) composite?
True
Suppose 20 = 2*j + 4*s, 5*j + s = -0*s + 32. Suppose j*x - 9*x = -147. Is x prime?
False
Suppose -3*i - 3*y + 134586 = 0, -i - 3*y + 44887 = -7*y. Is i prime?
True
Is -3 - 4 - (-3 + 6 + -1553) a composite number?
False
Let c = 331 + 288. Is c a composite number?
False
Let h(z) be the third derivative of 29*z**5/60 - z**4/24 + 5*z**3/6 - 9*z**2. Is h(-3) composite?
False
Let y = -748 - 495. Is (-3 + y/(-1) + 3)*1 a composite number?
True
Let y be 2 - -3*(-2)/(-3). Let h(c) = 52*c - y + 4 - 1. Is h(5) prime?
False
Let c(k) = -k - 2*k - 6*k**2 - 5*k**3 + 6*k**3 - 12. Let z be c(9). Suppose -5*r + 191 = 5*n - z, -4*n + 8 = 0. Is r prime?
False
Suppose 15 - 18 = -3*m. Let n be 4 - (-1)/(-2 + m). Suppose 5*c - n*c = 286. Is c a composite number?
True
Suppose 3*r - 3*x = 3, -5*x = -r - 3*x + 4. Let v be ((7 - 1) + -2)*r. Let y(a) = 2*a**2 - 5*a - 5. Is y(v) a composite number?
False
Let o(h) = h**3 + 14*h**2 + 11*h - 13. Let c(m) = -7*m - 2. Suppose -3*q - 23 = -5*p - 1, 3*q - 18 = -3*p. Let w be c(q). Is o(w) a composite number?
False
Suppose 0 = 2*h - 8, 2*f - 3*f = -2*h + 94. Let b = f - -18. Let t = 145 + b. Is t composite?
True
Is (3/2)/((-27)/(-238122)) composite?
False
Suppose 0 = -15*j - 12*j + 93501. Is j prime?
True
Let d(a) = 12*a + 20 - 36*a - 11*a. Is d(-9) a composite number?
True
Let b be (-1)/(-2)*(4 - 24). Let n(f) = f**3 + 9*f**2 - 16*f - 14. Let a be n(b). Suppose -23 - a = -m. Is m a prime number?
False
Let z(c) = 42*c + 5 - 7*c + 0. Suppose 12*o = 14*o - l - 3, 2*o + 12 = 4*l. Is z(o) composite?
True
Suppose -10 = 6*m + 26. Is (-3)/(-2)*(m + (-9968)/(-24)) prime?
False
Is 24/18 + 3278/3 a composite number?
True
Let f be 1/2*0/9. Suppose f = 6*h - 12*h + 4038. Is h composite?
False
Let u = 3601 + 1452. Is u composite?
True
Is 79444/(-8)*(-7 - -3)/2 a composite number?
False
Suppose -4*o - 3*o + 14 = 0. Suppose 0*x + 3 = j - 4*x, 3*j + o*x - 9 = 0. Suppose p = j*p - 190. Is p a composite number?
True
Let s be (-84)/42 - 0/(0 - -1). Is (s + 3)/(1/186*3) prime?
False
Let q(v) be the second derivative of 37*v**3/3 + v**2/2 + 26*v - 3. Let d = -1 - -3. Is q(d) a prime number?
True
Let m(l) = -l + 290. Let f be m(0). Let t(h) = 11*h - 61. Let v be t(6). Suppose -f = 5*w - 10*w + v*d, w - 43 = -2*d. Is w prime?
True
Let t(l) = 49*l**2 + 3*l + 1. Let w be (2/4)/((-2)/(-20)). Let h = w - 7. Is t(h) prime?
True
Let v(f) = f**3 + 6*f**2 + 6*f + 20. Is v(17) a composite number?
True
Let c = 8134 + -4108. Is (2/(-6))/((-2)/c) a prime number?
False
Let l be (0 - 2)/1*-1. Let w be l/7 - 82/(-7). Suppose -3*t + w = -x, 0 = -3*t + 3*x + x + 21. Is t composite?
False
Let h(s) = s**3 - 19*s**2 - s + 25. Let f be h(19). Is 188/f - 12/36 a composite number?
False
Let x(r) = -r**2 + 3*r - 7. Let h be x(6). Let k = 9 - h. Is k composite?
True
Let x be (-2)/1 + 16 + -23. Is (678/x)/(10/(-15)) composite?
False
Let h = 41411 + -28194. Is h a composite number?
False
Let n(q) = 4*q. Let u be n(4). Let m be (-3 - -17)*(1 + (-34)/(-4)). Let x = u + m. Is x a prime number?
True
Suppose -226 = -d - d. Let m = 25